r when 39 - ((-3 - -3) + 1) is divided by y?
12
Let n = 7 - -2. Let p(x) = -3*x**2 - 19*x - 1. Let t(z) = z**2 + 6*z. Let j(u) = 3*p(u) + 8*t(u). What is the remainder when j(-5) is divided by n?
8
Suppose 400 = 12*j - 8*j. What is the remainder when j is divided by 21?
16
Suppose -25 = -a - 4*a. Let o = -19 + 38. What is the remainder when o is divided by a?
4
Let q = 20 + -2. Suppose a + 115 = 4*a + 4*c, 0 = 4*a - 2*c - 124. Calculate the remainder when a is divided by q.
15
Let m(h) = h**3 + 15*h**2 - 8*h + 2. What is the remainder when m(-15) is divided by 31?
29
Suppose -v = 2*v - 93. Let o = v - 16. Let q = 0 + o. What is the remainder when 43 is divided by q?
13
Let d = 50 - -17. Suppose z + 5 = -w + 6*z, -5*w + d = -2*z. What is the remainder when w is divided by 9?
6
Suppose 3*j = -5*u + 43, u = -2*j + 49 - 18. What is the remainder when j is divided by 2*21/6 + -1?
4
Suppose -3*n + 24 = 5*r - 4, -28 = -4*n - 2*r. Calculate the remainder when 33 is divided by n.
3
Let h(p) = p**3 + 8*p**2 - 4*p + 8. What is the remainder when h(-4) is divided by 15?
13
Let j(t) = -t**2 - 8*t + 2. Let p be j(-8). Suppose 5*b = -3*g + 4*g + 339, p*b + 5*g - 114 = 0. What is the remainder when b is divided by 17?
16
Let r(u) = -u**3 - 4*u**2 + u - 5. Let b(m) = -4*m. Let d be b(-12). Suppose -5*z + 193 = d. Calculate the remainder when z is divided by r(-5).
14
Suppose -z = 2*w - 0*w - 11, -3*z = 2*w - 21. Let x be (-1 - 2)/(-3) + z. Suppose -s + x = 2. What is the remainder when 7 is divided by s?
3
Suppose 2*t - 1 = 19. Let z be (-4)/(-12) - (-262)/6. Let m = 62 - z. Calculate the remainder when m is divided by t.
8
Let k = -11 - 1. Let y(w) = w**3 + 8*w**2 + 9*w + 3. What is the remainder when y(-6) is divided by 21/2 + (-18)/k?
9
Let p(f) = -4*f. Calculate the remainder when 59 is divided by p(-4).
11
Suppose 0 = -3*v - 6 - 6, -f = 3*v - 48. Suppose -5*q + f = 4*l + l, l - 20 = -2*q. What is the remainder when q is divided by 5?
3
Let x(u) = -2*u + 2. Suppose 0 = n + 3*n + 8. Calculate the remainder when 6*3 + (-5 - -3) is divided by x(n).
4
Suppose 15*s = s + 532. What is the remainder when s is divided by 16?
6
Let w = 31 - 22. Suppose -3 = -3*s, -m + 3*m - 37 = -s. Suppose -4*f - m = -82. Calculate the remainder when f is divided by w.
7
Let n(w) = -15*w + 1. Suppose -2*i - 1 = -i. Let g be n(i). Suppose -g + 6 = -q. What is the remainder when 19 is divided by q?
9
Suppose 0 = m + 3*m + 156. Let u = 122 + -43. Let i = u + m. Calculate the remainder when i is divided by 14.
12
Let x = 167 + -92. What is the remainder when x is divided by 39?
36
Suppose 2*s + 146 = 2*q, -5*q - 2*s = -s - 353. Calculate the remainder when q is divided by 18.
17
Let c be (-48)/(-9) + (-2)/6. Suppose -5*k - 2*p + 387 - 91 = 0, 5*k - 275 = c*p. Calculate the remainder when k is divided by 0 - -1 - 0 - -19.
18
What is the remainder when 59 is divided by (4 + -2)/(-1) - (3 - 20)?
14
Let u = 2 + 0. Suppose -2 - 6 = -u*w. Suppose -5*r + 4*s - 3*s = -37, 8 = -w*s. Calculate the remainder when 19 is divided by r.
5
Let o(n) = n**3 + n**2 - 2*n + 16. What is the remainder when 45 is divided by o(0)?
13
Let u = -165 + 378. Calculate the remainder when u is divided by 36.
33
Let r(z) = z**3 + 12*z**2 - 29*z + 7. What is the remainder when 41 is divided by r(-14)?
20
What is the remainder when 8*(0 - 6/(-4)) is divided by 8?
4
Let i(l) = 11*l**2 + 23*l + 7. Let k(q) = 5*q**2 + 11*q + 3. Let v(y) = -6*i(y) + 13*k(y). Let o = -32 - -35. Calculate the remainder when o is divided by v(2).
0
Suppose 2*f = 4*w - 138, 2*w - f + 3*f - 54 = 0. What is the remainder when w is divided by (0 - 0 - 1)*-9?
5
Suppose 4*q = -17 + 1. Calculate the remainder when q/(5/(-2) + 2) is divided by 5.
3
Let r = 55 - -1. Suppose 0 = 5*z - 114 - r. What is the remainder when z is divided by 9?
7
Let z = -3 - -7. What is the remainder when z/16 + (-598)/(-8) is divided by 19?
18
Suppose 5*z + 4*s - 65 = -0, 0 = 4*z + 3*s - 53. Let x be (-1 - 1) + 2 + 96. Let w = x - 46. Calculate the remainder when w is divided by z.
16
Let h = -9 - -18. What is the remainder when h is divided by 5?
4
Let f(u) = 29*u**2. Let n(v) = -v**3 - 4*v**2 + v + 5. Let y be n(-4). Calculate the remainder when f(y) is divided by 16.
13
Let w be -1*(-4 + 2) + 106. Suppose -3*y + w = y. Calculate the remainder when 107 is divided by y.
26
Suppose -3*c + 0*c - 5*p + 56 = 0, -5*c - 3*p + 72 = 0. Suppose 8 = -2*y - c. What is the remainder when 15 is divided by 4/y - 42/(-5)?
7
Let o(m) = m**3 - 2*m**2 + m - 6. Let l(p) = -3*p**3 + 6*p**2 - 3*p + 17. Let t(y) = 6*l(y) + 17*o(y). What is the remainder when 52 is divided by t(-2)?
16
What is the remainder when 30 is divided by ((-3)/5 + (-11)/(-10))*16?
6
Let k(s) = -2*s - 2. Calculate the remainder when 47 is divided by k(-13).
23
Suppose -2*j + 7 = -11. Suppose 3*d + 94 + 26 = 0. Let x = d - -57. Calculate the remainder when x is divided by j.
8
Let i be (-1)/2 + (-75)/6. Suppose -3*b = 2*p + 115, 4*p + 135 + 54 = -5*b. Let w = i - b. What is the remainder when w is divided by 10?
8
Let z = 46 + -25. What is the remainder when z is divided by 11?
10
Let d(c) = 3*c**2 + c + 1. Let k(f) = -f + 4. Let u be k(5). Let o = -125 + 136. Calculate the remainder when o is divided by d(u).
2
Let b(w) = 7*w - 1. Calculate the remainder when b(2) is divided by 4.
1
Let w(u) = -7*u**2 + u**3 - 3 + 7*u - 2 + 2. Suppose -8 = -4*r + 16. What is the remainder when 5 is divided by w(r)?
2
Let w be (4/8)/(2/(-8)). Let c = w - -4. Suppose c*x + 17 = h, -3*x + 10 = 4*h - 69. What is the remainder when 55 is divided by h?
17
Suppose -v + 4*c = 3*v - 16, 0 = -4*v - 3*c + 16. Suppose -b - 3 = z, -v*z + 6 = 2*b - 5*z. What is the remainder when 2 is divided by b?
0
Suppose -u = -2*u + 9. Calculate the remainder when ((-6)/u)/(2/(-93)) is divided by 11.
9
Let l(j) = 3*j. Let p(i) = -i**2 - 9*i + 1. Let m be p(-9). Suppose -4*u + 13 = m. Calculate the remainder when l(u) is divided by 5.
4
Let o = 24 - 11. Calculate the remainder when 38 is divided by o.
12
Suppose -4*j + 44 = -4*z, 3*j + 4*z + 0*z - 54 = 0. Calculate the remainder when j is divided by 5.
4
Suppose 0 = c - 4*s - 10, -3*c = -0*c - 4*s - 30. Calculate the remainder when 26 is divided by c.
6
Suppose 5*w = 6 + 39. Calculate the remainder when 26 is divided by w.
8
Suppose 0 = -4*d + 104 - 8. Suppose -b = 5*v - 65, 0 = 2*b - 3*b. What is the remainder when d is divided by v?
11
What is the remainder when 9 is divided by (8 - 2)*(-5)/(-6)?
4
Suppose 6*c - 43 = -1. Calculate the remainder when 13 is divided by c.
6
Let v(w) be the first derivative of -w**4/4 - 2*w**3 + 3*w + 6. Calculate the remainder when 6 is divided by v(-6).
0
Suppose 3*y = -a - 2, -4*a - 5*y = 2 - 8. Let q = 11 + a. Suppose -q = -w - 0*w. What is the remainder when 29 is divided by w?
14
Let v(n) = n**2 + 10*n + 11. Let b(h) = -3*h + 1. Let l be b(4). Calculate the remainder when v(l) is divided by 6.
4
Suppose 1 - 37 = -b + 5*t, 3 = -t. Calculate the remainder when 76 is divided by b.
13
Let b = 9 - -6. Calculate the remainder when 57 is divided by b.
12
Let r(l) = 2*l**2 + 5*l + 2. Suppose 4 + 6 = 2*p. Suppose -w - f - 3*f + 30 = 0, f - 131 = -p*w. What is the remainder when w is divided by r(-4)?
12
Let h(m) be the third derivative of m**5/30 + m**4/8 - m**3/6 + m**2. Suppose 2*r + 2*r + 12 = 0. Calculate the remainder when h(r) is divided by 5.
3
Let f = -260 + 365. Let d(s) = s**2 + 4*s + 4. Let k be d(-4). Suppose -f = -k*v - v. Calculate the remainder when v is divided by 11.
10
Let b be 87*1/3*1. Let m = -19 + b. Suppose 3*i - 20 - m = 0. What is the remainder when 28 is divided by i?
8
Let r = 2 + 2. Let t(j) = -3*j - 2 + 11*j + r. What is the remainder when t(6) is divided by 17?
16
Suppose -4*h - 12 = -28. Let l = -27 + 46. Suppose 0 = 3*t - 11 - l. Calculate the remainder when t is divided by h.
2
Let i(h) = -2*h - 45. What is the remainder when 34 - (-2 - (2 + -5)) is divided by i(-26)?
5
Let b(s) = 6*s - 3. Let x be b(3). What is the remainder when 57 is divided by x/(3 + -3 - -1)?
12
Let j(l) = 16*l - 10. Calculate the remainder when j(4) is divided by 14.
12
Let h = -3 + 3. Suppose -2*n = 4*a - 2*a - 138, -5*n - 4*a + 341 = h. What is the remainder when n is divid